ve of j(b). Calculate m(1).
-4
Let d be -4 - (7 - 10 - 1). Let g(m) be the third derivative of d + 0*m + 5/6*m**3 + 7/24*m**4 + m**2 + 1/30*m**5. Calculate g(-4).
9
Suppose 2*n - 20 = s - 21, 4*s - n = -10. Let l(j) = 3 - 5*j**2 + 0*j**2 + 6*j**2 + 7*j. Calculate l(s).
-9
Let s(t) = -t**2 + 2*t + 15. Let r(i) = -13*i + 111. Let h be r(8). Give s(h).
-20
Let q(u) be the first derivative of -13*u**6/120 + u**5/60 + u**4/24 - u**3/6 + 6*u**2 - 24. Let i(x) be the second derivative of q(x). Give i(1).
-12
Let t(q) = q**3 + 4*q**2 - 2*q + 4. Suppose -2*a + 6 = 3*w - w, -w = -2*a + 12. Let o be (w - 0) + -5 + (1 - -1). Calculate t(o).
-11
Let m be (1*-1)/(1/(-20)). Let p = -23 + m. Let y be 4 - (2 - (-6)/p). Let f(a) = a**3 - 3*a**2 - 7*a + 5. Determine f(y).
-7
Let w(j) = -j**2 + 12*j - 7. Let x(h) = h**2 - 14*h + 8. Let a(d) = -5*w(d) - 4*x(d). Give a(4).
3
Let l(h) be the third derivative of -7*h**5/60 - h**4/12 - h**3/6 - 185*h**2. Determine l(-1).
-6
Let r(m) be the third derivative of -m**5/60 + 5*m**4/12 - 5*m**3/6 - 26*m**2 + 2*m. Calculate r(7).
16
Let s(x) = 7*x + 1. Let k(c) = c + 1. Let n(w) = 6*k(w) - s(w). Let o(l) = -l**3 + 2*l + 5. Let r be o(0). Calculate n(r).
0
Let v(y) = -y**2 - 5*y. Let z be ((-4)/5)/((-8)/100). Let w be (-84)/20 - 8/z. What is v(w)?
0
Let p(d) = -d**3 + 2*d**2 + 5*d + 4. Suppose -2*m = m - 12, -4*t + 3*m = -4. Calculate p(t).
-8
Let v(g) = g**2 + 25*g + 27. Let y be v(-24). Let k(w) = -2*w + 6. What is k(y)?
0
Let y(l) = l**3 + l**2 - l - 1. Suppose 34*g - 8*g + 78 = 0. What is y(g)?
-16
Suppose -12 = -4*j + 8. Let h(n) = n**2 - 5*n - 1. Let o be h(j). Let k(t) = 2 - 2 - t**2 + 9*t**3. Determine k(o).
-10
Let u(t) = -t - 4. Let v(b) = -5*b + 13. Let g = 156 - 152. Let k be v(g). Calculate u(k).
3
Suppose -2*i - h = -14, 5*h + 20 = 3*i + 2*i. Let q(g) = -g**2 + 10. What is q(i)?
-26
Let h(z) = z**3 - 19*z**2 + 20*z - 25. Let w be h(18). Let a(j) = 6*j - w - 5*j - 3*j + j. Suppose 9 = -4*k - 11. Give a(k).
-6
Let d be (-1)/(3/10*(-65)/78). Let a(j) = -5*j - 5. Calculate a(d).
-25
Let r(a) = -a**3 - 6*a**2 - 5*a - 6. Suppose -19 = 5*i + 6. Let s be r(i). Let v(l) = 7 + 8*l - 4*l - 2*l + 2. Calculate v(s).
-3
Let c be (6/14)/((-5)/(-35)*-1). Let j(f) = f**2 + 4*f - 4. Calculate j(c).
-7
Let i be ((-12)/18)/((-6)/(-45)). Let z(s) = -2*s**3 - 9*s**2 + 5*s + 2. Determine z(i).
2
Let b(t) = -t**3 + t**2 - t - 1. Suppose -28 + 33 = 5*j. Let o(s) = -5*s**3 + 4*s**2 - 4*s - 8. Let m(f) = j*o(f) - 6*b(f). Calculate m(3).
13
Let g(f) = 7*f**2 + 3*f - 3. Suppose o + 6 = 4*i, -2*i = -7*i - o + 3. Calculate g(i).
7
Let r(i) = i + 4. Suppose -14*k + 12*k + 2 = -4*f, 5*k + 2*f + 31 = 0. Calculate r(k).
-1
Let x(w) = 3*w + 7. Suppose -s = 5*o - 8, 5 - 15 = -5*o. Let k(q) = -4*q - 8. Let g(u) = s*k(u) - 3*x(u). Give g(-6).
1
Let p = 136 - 93. Let s(v) = -7*v + p + 8*v + 9*v - 44. Give s(-1).
-11
Let p(w) = -w + 1. Let k(f) = -f**2 - 6*f + 6. Let g(i) = -k(i) + 6*p(i). Let c(b) = b**2 - 2*b - 1. Let r(j) = 2*c(j) - 4*g(j). Give r(-3).
-8
Suppose 128 = -7*h + 93. Let i(c) = -c**2 - 8*c + 7. Determine i(h).
22
Let n(y) = -9*y**2 + 6*y - 5. Let t(j) = -17*j**2 + 11*j - 9. Let w(v) = -11*n(v) + 6*t(v). Give w(1).
-2
Let x(c) = -7*c + 16. Let z(q) = 3*q - 7. Let f(w) = -2*x(w) - 5*z(w). Let p(b) = -b. Let t be p(-5). Determine f(t).
-2
Let h(j) = j**3 + 10*j**2 - 11*j + 2. Let u be h(-11). Let s be (-604)/68 - u/17. Let z(p) = -p**3 - 8*p**2 + 9*p - 1. Calculate z(s).
-1
Let j(g) = -g - 1. Let o = 18 - 13. Let w = o - 2. Suppose w*a + 1 = -17. Give j(a).
5
Let y be (1 + 0 + -2)*2. Let v(w) = w + 1. Let z(q) = q**2 - q - 2. Let i(n) = y*v(n) - z(n). Calculate i(-4).
-12
Let k(i) = 3*i + 15. Let x(m) = -8*m - 30. Let r(t) = 7*k(t) + 3*x(t). Calculate r(8).
-9
Let v(w) = 2185*w - 1 - 5*w**2 - 2180*w + 2 + w**3 + 0*w**3. Let z be (-8)/(-1)*(-4)/(-8). Determine v(z).
5
Let i(d) be the first derivative of -d**2/2 + 3*d - 55. Determine i(0).
3
Suppose 3 = 12*k - 9*k. Let h(p) = -14*p**2 - 1. What is h(k)?
-15
Let z(a) = 3*a - 14. Let i(o) = -o**2 - 8*o + 71. Let b be i(5). Give z(b).
4
Let i(k) = -13*k - 1. Let n(p) = -9*p - 1. Let g(r) = -3*i(r) + 4*n(r). Give g(2).
5
Let t(g) = -3*g. Suppose -5 = c, c + 213 = 4*y + 4. Let u = -57 + y. What is t(u)?
18
Suppose 44 = 5*r - r. Let u(x) be the second derivative of x**5/20 - x**4 + 11*x**3/6 + 3*x**2 - 123*x. Determine u(r).
6
Let w(o) = -o**2 - o. Let c(q) = q**3 + q**2 + 5*q + 3. Let d(k) = -c(k) - 6*w(k). Let b be d(5). Let p(n) = -7*n - n**b + 4*n + 0*n. Give p(-4).
-4
Let x(t) = 5*t + 70. Let f(z) = -z**3 + 26*z**2 + 6*z - 169. Let n be f(26). Calculate x(n).
5
Let o = 10 + -3. Let b(g) = 2*g + g - 4 - 1 - g**2 - o*g. Let p be b(-4). Let a(u) = -u - 5. Calculate a(p).
0
Let u(y) = -2*y + 21. Let b(h) = -26*h + 59*h - 31 - 30*h. Let n(k) = -5*b(k) - 8*u(k). Calculate n(6).
-7
Let m(o) be the first derivative of -17/2*o**2 + 39 + 0*o. Determine m(1).
-17
Let u(j) be the first derivative of j**3/3 - 3*j**2 - 6*j + 100. Calculate u(7).
1
Let h(w) be the third derivative of -w**6/120 - 7*w**5/60 - w**3/3 - 2*w**2. Let n be (-2 + -14 + 9)*1. Calculate h(n).
-2
Suppose 4*m - 5*m = 4. Let h(c) = -c**2 + c. Calculate h(m).
-20
Let u(k) = -k**2 - 4*k + 9. Let i be 13/(-4) - ((-36)/(-48) + 0). Determine u(i).
9
Let h be -4 + 1 + -1 + 28 + 2. Let v(x) = -x**2 + 27*x - 30. Calculate v(h).
-4
Let k(u) = 3*u**3 - 9*u**2 + u - 1. Let m(y) = -y**3 + y**2 - y + 1. Let d(o) = k(o) + 2*m(o). Calculate d(7).
-6
Let s be (13/39)/((-2)/(-30)). Let h(p) = p - 1. Let k(u) = -8*u + 13. Let t(i) = -4*h(i) - k(i). Let b(v) = -3*v + 8. Let r(d) = s*b(d) + 4*t(d). Give r(-3).
1
Let y(m) = 2*m**3 + 4*m**2 + 3*m + 2. Let u be y(-2). Let n(z) = z**3 + z**2 - 3*z - 2. Let a be n(-2). Let i(d) = -d - 2 + a*d + 1 - 4. What is i(u)?
-1
Let m(d) = d**2 + d. Let x = -282 + 280. Give m(x).
2
Let u(v) = -10*v**2 + 24*v - 27. Let j(q) = 7*q**2 - 16*q + 18. Let n(m) = -7*j(m) - 5*u(m). What is n(6)?
-3
Let w(r) be the third derivative of r**5/10 - r**3 - 2*r**2 - 220*r. Calculate w(3).
48
Let f(y) = -32*y + 15*y - 5 + 2 + 18*y. Calculate f(2).
-1
Suppose 99*b - 5*x = 101*b - 22, 5*x = -5*b + 40. Let a(d) = d**2 - 1. Let i(u) = 4*u**2 - 3*u - 6. Let v(p) = 3*a(p) - i(p). Determine v(b).
-15
Let q(f) = -f + 1. Let r(a) = 6*a - 5. Let x(b) = 5*q(b) + r(b). Let n = -1 + 8. Calculate x(n).
7
Let w(t) be the third derivative of 0*t + 1/6*t**3 - t**2 + 0 + 1/12*t**4. Determine w(-6).
-11
Let g(l) = 8 - l - 2*l + 0*l - 7*l**2 - l**3. Let q(b) = b**3 + 3*b**3 - 6 - 10*b - 13*b**2 - 3*b**3 - 4*b. Let s be q(14). Give g(s).
-10
Let z(b) = -2*b + 6. Let k be (-483)/(-14) + 6/(-4). Let q be (-11)/(k/(-30)) + -2*1. Calculate z(q).
-10
Let u(n) = -2*n**3 + 3*n**2 + n - 3. Let x be u(0). Let s(l) = 3*l + 1. Let p(b) = b + 1. Let c(j) = 5*p(j) - 3*s(j). Calculate c(x).
14
Let b(d) = d**3 - 12*d**2 + d - 10. Let z be b(12). Let g(c) be the second derivative of z*c**2 + 1/3*c**4 + 0 + 2/3*c**3 + c - 1/20*c**5. Give g(5).
-1
Let v(b) = b**3 - 4*b**2 + 4*b - 2. Suppose 0 = 3*y - 5*y. Suppose -o + 0*o + 2 = y. Determine v(o).
-2
Let l(i) = 4*i + 7. Suppose -20 = -4*u - 2*v, -5*u + 5*v = 14 - 54. Determine l(u).
31
Let o be (-2)/1 + -2 + 1. Let h(k) be the second derivative of k**5/10 + 5*k**4/12 + k**3/6 - 3*k**2/2 + 2*k. Calculate h(o).
-15
Let x = -29 + 34. Let k be x/25*-2*-15. Let y(q) = q**3 - 5*q**2 - 6*q + 2. Calculate y(k).
2
Let k(m) = -8*m - 1. Let a be (11 - 2)/(2*1/4). Suppose u + 0*l = l - 2, 3*u - a = -5*l. What is k(u)?
-9
Let f(s) = -s. Let b be (-39)/13*4/(-6). Let m(q) = -5*q - 1. Let g(d) = b*m(d) - 6*f(d). Suppose -10*x - 9 = -13*x. What is g(x)?
-14
Let n(c) = -3*c - 14. Let i be n(-4). Let y(p) = -4*p**2 - 3*p. Give y(i).
-10
Let o(j) = -j + 7. Let r(l) = 1. Let v(w) = 2*o(w) - 10*r(w). Suppose 2*i + i - 15 = -q, -2*q = -6. Determine v(i).
-4
Let y(l) = l. Let f be (-24)/15*25/10*2. Give y(f).
-8
Let b(d) be the second derivative of d**5/20 - 2*d**4/3 - 4*d**3/3 - 13*d**2/2 - 2*d. Let y be b(9). Let g(u) = -2*u**2 - 5*u + 4. Give g(y).
-8
Let g(j) be the second derivative of -1/6*j**3 + 5/2*j**2 + 0 - j. Let x(a) = a - 1. Let q be x(7). Determine g(q).
-1
Let p(d) = 18*d**2 + 4*d**3 - 12*d**2 - 7*d**2 + 0*d**3 + 4*d**3 + 1. Suppo